Resums mensuals i anuals. Seleccioneu el mes o l'any.

Select a Year or Month report
2018 > Jan Feb Mar Apr May Jun Jul Aug Sep Oct Nov Dec
2017 > Jan Feb Mar Apr May Jun Jul Aug Sep Oct Nov Dec
2016 > Jan Feb Mar Apr May Jun Jul Aug Sep Oct Nov Dec
2015 > Jan Feb Mar Apr May Jun Jul Aug Sep Oct Nov Dec

Report for 2018 Feb
                   Monthly Climatological Summary for febr. 2018

Name: CalldetenesMeteo   City: Calldetenes (Osona)   State: Catalunya ||*||
Elevation: 510 m  

                  Temperature (C), Rain (mm), Wind Speed (km/h)

                                      Heat  Cool        Avg
    Mean                              Deg   Deg         Wind                 Dom
Day Temp  High   Time   Low    Time   Days  Days  Rain  Speed High   Time    Dir
----------------------------------------------------------------------------------
 1   2,4   5,3   14:40  -0,3   05:09  16,0   0,0   9,3   1,3  14,8   20:44   NNE
 2   2,6   8,6   15:39  -0,8   23:39  15,8   0,0   0,0   1,5  14,8   17:49    NE
 3   1,9   9,4   16:20  -4,4   07:39  16,9   0,0   0,0   2,1  23,4   15:00     W
 4   2,0   4,6   15:26  -0,5   05:39  16,2   0,0   9,0   1,7  17,3   20:14    NE
 5   2,9   6,1   16:12   0,8   00:40  15,4   0,0  36,9   1,3  12,2   14:10    NE
 6   6,6  11,6   13:40   3,7   06:10  11,9   0,0   1,2   2,4  12,2   20:30    NE
 7   4,4  10,2   14:40  -0,8   23:40  13,8   0,0   0,0   2,0  17,3   16:57   WNW
 8  -0,2   5,5   16:38  -3,5   07:40  18,4   0,0   0,0   0,8   7,2   16:29   ENE
 9   0,7   8,1   14:33  -5,7   08:09  17,7   0,0   0,0   1,5  15,8   15:08    NW
10   3,1  10,8   15:25  -3,0   05:09  15,3   0,0   0,0   3,0  31,7   09:08   NNW
11   3,2  11,1   14:41  -3,9   07:10  15,6   0,0   0,0   1,6  12,2   16:21   NNW
12   4,3   9,5   15:02   0,0   23:39  14,6   0,0   3,3   2,7  23,4   15:43   SSE
13   1,3   7,3   15:38  -1,5   08:09  17,5   0,0   3,0   2,8  24,5   16:14   WNW
14   2,4   9,5   16:25  -3,0   07:40  15,9   0,0   0,0   1,2  11,2   17:48   WSW
15   7,2  19,3   16:21  -0,2   08:10  11,4   0,0   0,0   1,0   8,6   13:08   WNW
16   8,8  15,5   15:30   3,5   03:39   9,4   0,0   0,0   0,9   8,6   10:44   NNW
17   8,1  10,6   16:30   4,5   06:40  10,1   0,0   4,8   1,1  13,3   17:51     N
18   6,5  12,3   15:16   1,9   05:10  11,7   0,0   0,0   1,1  11,2   16:39     N
19   6,7  11,9   14:20   0,2   07:22  12,0   0,0   0,0   1,3  12,2   15:15   NNE
20   8,9  16,1   15:46   0,0   00:10   9,5   0,0   0,0   4,0  50,0   16:23   NNW
----------------------------------------------------------------------------------
     4,2  19,3    15    -5,7     9   285,1   0,0  67,5   1,8  50,0    20     NNW

Max >=  27,0:  0
Max <=   0,0:  0
Min <=   0,0: 14
Min <= -18,0:  0
Max Rain: 36,9 on day 5
Days of Rain: 7 (>= 0,2 mm)  6 (>= 2,0 mm)  1 (>= 20,0 mm)
Heat Base: 18,3  Cool Base: 18,3  Method: Integration